434041859
What are the prime factors of 1413169882?
2, 706584941
List the prime factors of 39780085.
5, 17, 468001
What are the prime factors of 170494323?
3, 809, 70249
List the prime factors of 678236330.
2, 5, 79, 858527
List the prime factors of 82373598.
2, 3, 169493
List the prime factors of 95645526.
2, 3, 15940921
List the prime factors of 87832769.
59, 107, 13913
List the prime factors of 23836757.
7, 127, 26813
What are the prime factors of 3292476981?
3, 29, 1009, 37507
What are the prime factors of 1916757856?
2, 13, 4607591
What are the prime factors of 53652348?
2, 3, 257, 1933
List the prime factors of 136272434.
2, 53, 647, 1987
List the prime factors of 5589434.
2, 2794717
What are the prime factors of 9872832?
2, 3, 51421
List the prime factors of 24463898.
2, 31, 394579
What are the prime factors of 33755575?
5, 7, 192889
What are the prime factors of 3868383127?
7, 113, 4890497
What are the prime factors of 454334697?
3, 1201, 14011
What are the prime factors of 79687115?
5, 15937423
What are the prime factors of 15383233?
15383233
List the prime factors of 78262781.
17, 197, 23369
What are the prime factors of 9744574?
2, 7, 43, 16187
List the prime factors of 648381049.
648381049
List the prime factors of 803715633.
3, 7, 12757391
What are the prime factors of 2158954110?
2, 3, 5, 23, 211, 4943
What are the prime factors of 760278951?
3, 84475439
What are the prime factors of 1758152?
2, 11, 19979
List the prime factors of 733651881.
3, 17, 521, 27611
List the prime factors of 159906670.
2, 5, 7, 11, 207671
List the prime factors of 3145142555.
5, 16487, 38153
What are the prime factors of 870853025?
5, 7, 23, 409
List the prime factors of 47233667.
13, 17, 213727
What are the prime factors of 37330861?
17, 2195933
What are the prime factors of 59229316?
2, 14807329
What are the prime factors of 65606885?
5, 1699, 7723
List the prime factors of 826509119.
41, 67, 300877
List the prime factors of 33076534.
2, 16538267
List the prime factors of 194320056.
2, 3, 7, 457, 2531
List the prime factors of 90502828.
2, 13, 1740439
What are the prime factors of 792402807?
3, 7, 37733467
What are the prime factors of 50240852?
2, 3119, 4027
List the prime factors of 2765442993.
3, 921814331
What are the prime factors of 136811943?
3, 5067109
List the prime factors of 4761942.
2, 3, 223, 3559
List the prime factors of 62344682.
2, 41, 760301
What are the prime factors of 409708475?
5, 11, 379, 3931
What are the prime factors of 156611513?
29, 41, 107, 1231
What are the prime factors of 993434301?
3, 1087, 3761
What are the prime factors of 333377683?
41, 1567, 5189
List the prime factors of 280538471.
17, 2729, 6047
List the prime factors of 95238616.
2, 11, 98387
What are the prime factors of 466767690?
2, 3, 5, 271, 57413
List the prime factors of 183673352.
2, 389, 59021
What are the prime factors of 177691459?
11, 16153769
What are the prime factors of 479912633?
479912633
List the prime factors of 36767124.
2, 3, 17, 60077
What are the prime factors of 417044982?
2, 3, 37, 1878581
What are the prime factors of 1217186716?
2, 16927, 17977
What are the prime factors of 15560585?
5, 3112117
What are the prime factors of 3908526?
2, 3, 337, 1933
What are the prime factors of 703677936?
2, 3, 13, 563, 2003
List the prime factors of 3032011725.
3, 5, 5953, 6791
What are the prime factors of 50754716?
2, 12688679
What are the prime factors of 2445557115?
3, 5, 149, 1094209
List the prime factors of 8041012.
2, 7, 287179
What are the prime factors of 593007242?
2, 296503621
What are the prime factors of 76208273?
6043, 12611
What are the prime factors of 272368064?
2, 4255751
What are the prime factors of 7157625?
3, 5, 19087
What are the prime factors of 87992867?
17, 5176051
What are the prime factors of 425200312?
2, 53150039
List the prime factors of 33170408.
2, 631, 6571
List the prime factors of 236835697.
7, 33833671
What are the prime factors of 140890379?
7, 20127197
List the prime factors of 1540039108.
2, 103, 3737959
List the prime factors of 3074934.
2, 3, 677, 757
What are the prime factors of 27722780?
2, 5, 1386139
What are the prime factors of 93946426?
2, 7, 958637
List the prime factors of 32888736.
2, 3, 114197
What are the prime factors of 54842900?
2, 5, 7, 78347
List the prime factors of 2809160519.
11, 2837, 90017
What are the prime factors of 85253639?
85253639
What are the prime factors of 6040312239?
3, 13, 251, 617051
What are the prime factors of 42839651?
5573, 7687
List the prime factors of 4124716116.
2, 3, 343726343
What are the prime factors of 342437927?
13, 26341379
What are the prime factors of 75927424?
2, 593183
What are the prime factors of 484585276?
2, 7, 17306617
List the prime factors of 16948871.
59, 287269
List the prime factors of 8164948.
2, 11, 185567
List the prime factors of 682708787.
682708787
List the prime factors of 806894974.
2, 59, 619, 11047
List the prime factors of 2282916710.
2, 5, 109, 317, 6607
List the prime factors of 668335732.
2, 73, 2288821
List the prime factors of 10386019.
7, 1483717
List the prime factors of 4385367475.
5, 223, 786613
What are the prime factors of 384711375?
3, 5, 1025897
List the prime factors of 127855673.
11, 11623243
List the prime factors of 397086853.
101, 3931553
List the prime factors of 317187604.
2, 967, 82003
List the prime factors of 1620603819.
3, 2843, 63337
List the prime factors of 1333750617.
3, 16466057
List the prime factors of 40957390.
2, 5, 1063, 3853
List the prime factors of 4188224940.
2, 3, 5, 43, 67, 24229
List the prime factors of 177105949.
17, 43, 242279
What are the prime factors of 934530483?
3, 311510161
What are the prime factors of 438016025?
5, 19, 23, 40093
What are the prime factors of 324783061?
4523, 71807
What are the prime factors of 3005849932?
2, 19, 337, 117361
What are the prime factors of 30944315?
5, 23, 53, 5077
List the prime factors of 56391686.
2, 13, 17, 127583
List the prime factors of 1606431700.
2, 5, 16064317
List the prime factors of 52241832.
2, 3, 23, 31547
List the prime factors of 2539168042.
2, 17, 89, 839117
List the prime factors of 254991964.
2, 349, 182659
List the prime factors of 46400993.
46400993
List the prime factors of 191859004.
2, 47964751
List the prime factors of 89749621.
13, 2251, 3067
List the prime factors of 21414585.
3, 5, 499, 2861
What are the prime factors of 978682086?
2, 3, 54371227
What are the prime factors of 150463778?
2, 1709, 44021
What are the prime factors of 9956695?
5, 7, 284477
What are the prime factors of 550332188?
2, 7, 19, 29, 35671
What are the prime factors of 3479128095?
3, 5, 19, 67, 182201
List the prime factors of 152091698.
2, 11, 6913259
List the prime factors of 656396059.
11, 19, 349, 8999
List the prime factors of 196320637.
196320637
What are the prime factors of 43914736?
2, 89, 30839
List the prime factors of 44059463.
7, 31, 203039
What are the prime factors of 84445161?
3, 28148387
List the prime factors of 4809499478.
2, 7, 17, 277, 72953
What are the prime factors of 1533678207?
3, 157, 3256217
List the prime factors of 36068077.
331, 108967
What are the prime factors of 73947227?
179, 413113
List the prime factors of 405157856.
2, 12661183
List the prime factors of 38349061.
38349061
List the prime factors of 1007394499.
18089, 55691
What are the prime factors of 269793376?
2, 113, 74611
List the prime factors of 266299470.
2, 3, 5, 193, 15331
List the prime factors of 2025242590.
2, 5, 7, 28932037
List the prime factors of 702785747.
163, 4311569
What are the prime factors of 22612298?
2, 1949, 5801
What are the prime factors of 1466378886?
2, 3, 7, 73, 478271
List the prime factors of 59709277.
7057, 8461
What are the prime factors of 2984458908?
2, 3, 31, 8022739
What are the prime factors of 70644728?
2, 7, 11, 73, 1571
What are the prime factors of 2109274364?
2, 527318591
What are the prime factors of 49661418?
2, 3, 8276903
What are the prime factors of 1022705984?
2, 15979781
What are the prime factors of 184525453?
7, 26360779
What are the prime factors of 3412109058?
2, 3, 101, 463, 12161
What are the prime factors of 34315754?
2, 11, 1559807
List the prime factors of 40172655.
3, 5, 2678177
List the prime fact